 = 2791 + -2782. What is the remainder when ((-2)/(-3))/((-2)/(-123)) is divided by r?
5
Suppose -2*o + 3*g + 25 = 0, -2*o - 94*g = -91*g - 7. What is the remainder when 463 is divided by o?
7
Suppose 0 = -3*v + 5*v + 5*x + 8, 3*v - 4*x + 12 = 0. Let g(o) = 7*o**2 - 2. What is the remainder when g(v) is divided by 37?
36
Let k = -24 - -44. Suppose -k*h = -15*h + 60. Calculate the remainder when (584/h)/((-2)/3) is divided by 37.
36
Let a(x) = 3*x. Let m(k) = 6*k + 8. Let l(r) = 6*a(r) - 2*m(r). What is the remainder when 183 is divided by l(4)?
7
Suppose -2*a = -5*f + 3814, -755 = -f + 3175*a - 3172*a. What is the remainder when f is divided by 170?
84
Let r be 54/4*(-24)/(-36). Let u(h) = h**3 - 8*h**2 - 5*h + 21. What is the remainder when u(r) is divided by 30?
27
Suppose 77630 = 26*j - 32402. What is the remainder when j is divided by 121?
118
Let n = 5490 - 5436. Let f(w) = 2*w**2 + 3*w - 29. Calculate the remainder when f(-14) is divided by n.
51
Calculate the remainder when (-30672)/(-126) - 12/(-21) is divided by 19.
16
Let h = -47 + 92. Suppose h = 8*n - 163. What is the remainder when 74 is divided by n?
22
Suppose 4*r - 3*l = 463, -2*r + 0*r + 225 = 5*l. Let q = 52 + -11. Calculate the remainder when r is divided by q.
33
Let j(q) = -28*q + 354 - 413 + 253. Calculate the remainder when 39 is divided by j(6).
13
Let w = -64 + -72. Calculate the remainder when (41/4)/((-17)/w) is divided by 28.
26
Let r(p) = -3*p + 41. Let j = 56 - 45. Let c be r(j). Suppose -c*m = -102 - 2. What is the remainder when 155 is divided by m?
12
Let m(o) = 11*o**3 + 2*o**2 - o. What is the remainder when 100/325 - 4005/(-39) is divided by m(1)?
7
Let d = 115 + -89. Suppose -56 = -15*w + 11*w. Calculate the remainder when d is divided by w.
12
Let h(u) = 226*u**2 + 625*u - 13. What is the remainder when h(-4) is divided by 74?
67
Let m = -13 - -26. Suppose -5 = -2*i + 1, 4*i - 543 = -3*r. Suppose -3*k - r = -3*v, 2*k - k + 251 = 4*v. Calculate the remainder when v is divided by m.
12
Let o = -43 + 62. Let i(w) = -w**3 + 12*w**2 - 6*w - 54. What is the remainder when o is divided by i(11)?
0
Suppose 7*z = -146 - 134. Let o = 37 + z. What is the remainder when 9/27 + (-80)/o is divided by 14?
13
Suppose 2*y - 2*g - 2*g + 356 = 0, 0 = -3*y + 3*g - 543. Let w = y - -218. What is the remainder when 270 is divided by w?
32
Let j(w) = w**3 - 13*w**2 + 7. Let x be (-192)/(-14) - 12/(-42). Let t(i) = i**2 - 12*i - 15. Let n be t(x). What is the remainder when 25 is divided by j(n)?
4
Let j(p) = 6*p + 19. Let d be j(-2). Suppose -105 = -d*m - 0. Calculate the remainder when m is divided by (-1 - -10) + 0/(-2).
6
Let n(g) = -2321*g - 25502. Calculate the remainder when n(-11) is divided by 18.
11
Suppose 12*h + 35*h + 9525 = 62*h. Calculate the remainder when h is divided by 106.
105
Let c(x) = 14*x**2 + 26*x + 178. What is the remainder when c(5) is divided by 92?
14
Let o = -1825 - -2246. What is the remainder when o is divided by 61?
55
Let b = -10303 + 10591. Calculate the remainder when b is divided by 88.
24
Suppose -5*m + 5510 = -5*a, 47*m = 52*m + 4*a - 5528. What is the remainder when m is divided by 366?
6
Let p(t) = 2*t**2 - 20*t. Let w be p(10). Let y(o) be the second derivative of -o**3/6 + 25*o**2 - 22*o. What is the remainder when y(w) is divided by 17?
16
Suppose 636*t - 14940 = 221*t. Suppose -5*m = -m - 12. Suppose -m = f, -u - f + 5 = f. What is the remainder when t is divided by u?
3
What is the remainder when 713 is divided by ((-1265)/92)/((-4)/(-18) + (-187)/396)?
53
Let f(r) = 4*r - 21. Let y be f(6). Let s(o) = -3*o**2 - y*o**2 + 7*o**2 - 9*o - 3. What is the remainder when 25 is divided by s(10)?
4
Let f = -2861 - -2882. Calculate the remainder when 7195 is divided by f.
13
Let t(f) = -2301*f - 13728. What is the remainder when t(-6) is divided by (-4)/6 - (-124)/6?
18
Let t(j) = -70*j**3 + 6*j**2 + j + 6. What is the remainder when t(-3) is divided by 21?
15
What is the remainder when 3597 is divided by -5*(12/42 + 3/210*-146)?
6
What is the remainder when 485 is divided by 1*1*-8 + -238 + 364?
13
Suppose 108384 = 138*r - 72*r - 50*r. Calculate the remainder when r is divided by 28.
26
Suppose 312 = 519*a - 244*a - 236*a. What is the remainder when 3286 is divided by a?
6
Let c = 358 + -198. Suppose 0 = -8*k + 427 - 35. Calculate the remainder when c is divided by k.
13
Let h(t) = 16*t + 7. Let a be h(7). Suppose -122*l + a*l = -36. What is the remainder when 34 is divided by l?
10
Suppose 26 = 11*z - 9*z. Let b(a) = -a**2 + 16*a + 4. Let y be b(15). Suppose 18*t = y*t - z. Calculate the remainder when 20 is divided by t.
7
Let h = -1258 + 1304. Suppose -3*k = -4*a + 4 - 72, -h = -2*k + 3*a. Let j = 2 + 1. Calculate the remainder when k is divided by j.
2
Let f(b) = b**2 + 10*b + 4. Let l be f(-10). Suppose o = -l*o + 320. Let s = -635 + 652. Calculate the remainder when o is divided by s.
13
Let p(q) = -2*q + 22. Let u be p(10). Suppose 2*f = 3*j + 125, -u*f - 115 = -4*f + j. Let n = -50 + f. Calculate the remainder when 10 is divided by n.
0
Suppose -h + k + 143 = 37, 304 = 3*h + 4*k. Suppose 0 = 191*r - 194*r + 66. What is the remainder when h is divided by r?
16
Suppose 4*m = 39*o - 42*o + 159, 5*o - m - 265 = 0. What is the remainder when 12188 is divided by o?
51
Suppose o - 3*g = -0*o - 7, 57 = 4*o + 5*g. Suppose o*d + 5*d = 598. What is the remainder when d is divided by 23?
0
Suppose 5*y - 31 = 4*a - 7*a, 3*y = 5*a + 5. Suppose -y*u - 5*v = -542 - 243, -5*v - 619 = -4*u. What is the remainder when u is divided by 8?
4
Let s(u) = -u**3 + u**2 + 2800. Let r be s(0). Suppose -j - r = -41*j. Calculate the remainder when 80 is divided by j.
10
Suppose -225 - 387 = -17*f. Calculate the remainder when 266 is divided by f.
14
What is the remainder when 2404 is divided by 11*4 + (18 - 70)/(-13)?
4
Let l(v) = -4*v**3 - 402*v**2 + 200*v - 20. Let y = -74 + 135. What is the remainder when l(-101) is divided by y?
60
Let h(y) = -36*y + 9. Let b(s) = -152*s + 35. Let w(m) = 2*b(m) - 9*h(m). What is the remainder when w(8) is divided by 19?
16
Let w = 16037 - 15681. Calculate the remainder when w is divided by 117.
5
Suppose -59 = -3*f - 56. Let b(y) = -y**3 - 6*y**2 - y - 6. Let q be b(-6). Calculate the remainder when (530/(-30))/((q + f)/(-3)) is divided by 9.
8
Let b be (1/(-1))/((-6)/(-2094)). Let x = -177 - b. What is the remainder when x is divided by 58?
56
Let v = -713 + 736. Calculate the remainder when 91 - -2 - (1 + 1) is divided by v.
22
Suppose 4*x = 4*j - 20, -7 = j + 7*x - 5*x. Let g(u) = 100*u**3 + 2*u**2 - 3*u + 2. What is the remainder when g(j) is divided by 71?
30
Let y = -1200 + 1273. What is the remainder when 335 is divided by y?
43
Suppose -2*q + 128 = -4*i, -45*i = -48*i - 21. What is the remainder when 138 is divided by q?
38
Let i = -120 - -203. What is the remainder when i is divided by -10 + 528/55 - (-107)/5?
20
Let i(k) = -20*k**2 - 7*k + 70. Let m be i(6). Calculate the remainder when (-8 - 60/(-8))*m is divided by 50.
46
Let f(m) be the third derivative of 3*m**4/8 + 19*m**3/6 - 90*m**2. Calculate the remainder when 187 is divided by f(5).
59
Suppose -96 = -2*u - u. Let y(i) = -16*i + 0*i**2 - 5*i**2 + u + 6*i**2. Calculate the remainder when 6 is divided by y(14).
2
Suppose 4*o + v - 32 = 0, -4*o + v + 40 = o. Calculate the remainder when ((-268)/8)/1*(-16)/o is divided by 25.
17
Suppose 0 = -5*j + 6*j - 15. Suppose -11*l = 8*l - 4807. Suppose -j*v + l = -4*v. Calculate the remainder when v is divided by 5.
3
Let u be 2/((-4)/(-14)*(-1 + 2)). Suppose -23*c + u*c + 576 = 0. Calculate the remainder when c is divided by 21.
15
Let r(y) be the first derivative of -29*y**2/2 + 2*y + 10. What is the remainder when r(-3) is divided by 7/((-7)/(-24)) + -1?
20
Let v = 8394 + -8389. Calculate the remainder when 18 is divided by v.
3
Suppose -100 = u - 504. What is the remainder when u is divided by 6 + (237/6*2 - (-5 - -9))?
80
Let q = -6 + 80. Let k = 78 - q. Calculate the remainder when 32 is divided by -1*-22*k/8.
10
Suppose -4*x - 6*n + 10*n + 1436 = 0, -1816 = -5*x - 2*n. What is the remainder when x is divided by 37?
29
Suppose 2*j = -2*s + 45 - 9, 5*j = -25. Suppose -21 - s = -3*t - z, -2*z - 32 = -2*t. What i